= a + -422. What is the remainder when 60 is divided by m?
6
Let i = -60 + 157. Let p be (14/(-7) - i/(-1)) + -3. Suppose p = -10*o + 11*o. What is the remainder when o is divided by 24?
20
Suppose -4*n + 5 = -4*x - 3, -4*n + 6 = -3*x. Let b = -28 - -34. Calculate the remainder when 38 is divided by b/(-3*x/20).
18
Let z(i) = 5*i + 114. Let d(v) = v + 1. Let a(r) = -3*d(r) + z(r). Calculate the remainder when a(-30) is divided by 14.
9
Suppose 0 = -4*c + 28 + 24. Let p = 10 - 57. Let h = 96 + p. Calculate the remainder when h is divided by c.
10
Suppose -3*g - 2*b - 361 = -4226, -5*g - 4*b = -6443. What is the remainder when g/6 - ((-22)/4)/11 is divided by 12?
11
Suppose 1 = 5*w + 5*o - 4, -4*w + o = -19. Suppose 4*m - 4*b = 8*m + 24, -w*m = 3*b + 19. What is the remainder when (m - 2)*(-41 + 0) is divided by 42?
39
Suppose -8*y + 3*y = -680. Calculate the remainder when y is divided by (-30)/(-1) - 100/(300/(-15)).
31
Let v(c) = -22*c - 226. Let l be v(-10). Let h(b) = -5*b + 3*b + 5 - 3*b + 12*b**2 + 2*b**3. Calculate the remainder when h(l) is divided by 12.
11
Let i(y) = 7*y**2 + 6*y + 2. What is the remainder when 991 is divided by i(1)?
1
Suppose 3*z + b = -143, -104 = 5*z - 3*z + 5*b. Calculate the remainder when z/(4 + 12/(-4))*-1 is divided by 14.
5
Let q = 102 + -99. Suppose 5*x = y - 61, q*x - 2*x = 5. Calculate the remainder when y is divided by 8.
6
Let s = 8884 - 8800. Calculate the remainder when 5206 is divided by s.
82
Let s = -147 - -895. What is the remainder when s is divided by 319?
110
Let z(b) = -b**3 + 11*b**2 + 15*b - 6. Let d be z(10). Let f = d + -195. What is the remainder when f is divided by 21?
7
Suppose 46*z = 11*z + 529 + 521. What is the remainder when 3238 is divided by z?
28
Suppose 265*a - 269*a = -12, 5*a + 462 = 3*v. Let w = 137 + -113. What is the remainder when v is divided by w?
15
Let g be (-76)/95*160/(-2). Let z = -57 + g. Suppose 3*w = -12, b + z*w - 6*w - 5 = 0. What is the remainder when 14 is divided by b?
5
Suppose 0 = 10*f - 565 - 15. Let s be 18/(-12)*(0/(-1) + 2). What is the remainder when f is divided by s/(-2)*(-140)/(-21)?
8
Suppose 14069 + 8891 = 28*o. What is the remainder when o is divided by 270?
10
Let r = -19 - -23. Let l(y) = -2*y**2 - 7 + 7 + r - 29*y + 0. What is the remainder when l(-12) is divided by 33?
31
Let h = -81378 + 81401. Let i = -5 + 17. Calculate the remainder when h is divided by i.
11
Let i be 10/(-30) - (1 + 2254/6). Let l = -240 - i. What is the remainder when l is divided by 48?
41
Suppose -11140 = -52*a + 162556 + 26036. Calculate the remainder when a is divided by 31.
28
Let s = 3063 + -2318. Calculate the remainder when s is divided by 22.
19
Let w = -180 + 382. Let y(n) = -3*n**2 + 63*n - 121. What is the remainder when w is divided by y(18)?
38
Let p(x) = -x**3 + 21*x**2 + x + 3. What is the remainder when 823 is divided by p(21)?
7
Suppose 2*j + m = 253, 2*m + 275 = 3*j - 122. Let d be (5*(-12)/90)/(2/j). Let y = d + 55. What is the remainder when 44 is divided by y?
8
Let b be (-2 - (-16)/6)/(8/144). Let g = b - 44. Calculate the remainder when 4*2*((-116)/g)/1 is divided by 12.
5
Suppose -155*m - 522 = -213*m. Suppose 0 = -4*s + 3*s + 12. Calculate the remainder when s is divided by m.
3
Let i(z) = 126*z**2 - 12*z - 13. Suppose -5*k = -3*l + 5, 2*k = 5*k + 5*l + 3. Calculate the remainder when i(k) is divided by 14.
13
Suppose 806 = 11*t - 7367. What is the remainder when t is divided by 62?
61
Suppose 4*b - 5*m + 263 - 361 = 0, 2 = m. Suppose -o + 2 = -h, -4*h - 8 = -4*o + 5*o. What is the remainder when b is divided by 2 - (-9 - h/(-2))?
3
Let v be 6*6/18 - 9. Calculate the remainder when v/((-42)/(-4)) + (-184)/(-6) is divided by 6.
0
Let j be (-2901)/(-12) - (-11)/44. Let t = j - 175. Calculate the remainder when t is divided by 10.
7
What is the remainder when (-39 + 31)*174/(-8) + -8 is divided by 89?
77
Let j(x) = -7 - 42*x**3 - 40*x + 62*x - 18 + 41*x**3 - 23*x**2. What is the remainder when 66 is divided by j(-24)?
20
What is the remainder when ((-6)/(-18))/(9*(-5)/(-17685)) is divided by 43?
2
Let m(n) = -2*n**2 - 33*n - 92. Let b be m(-10). Suppose -12*f - b = -14*f + 4*z, 0 = -f + z + 23. What is the remainder when f is divided by 3?
0
Suppose -4*h = 3 + 1, 0 = 3*d - 5*h + 331. Let t = -75 + 23. Let z = t - d. What is the remainder when z is divided by 22?
16
Let d = 55 + -43. Suppose -17*n = -d*n - 35. Suppose -n*u + 542 = 122. Calculate the remainder when u is divided by 21.
18
Let j = -41 + 150. Let n = -10 + j. What is the remainder when n is divided by 6?
3
Let x(o) = -3*o + 5. Let a be x(1). What is the remainder when (-120)/(-18)*((a - -2) + -1) is divided by 6?
2
Let y be (-3)/7 - 305/7. Let p(j) = -6*j + 10. Calculate the remainder when p(y) is divided by 69.
67
Suppose 152 = 4*a - 2*i + 4*i, 4*a - 5*i - 124 = 0. Let b be 3*(8/6 + 3). Let z = b + a. Calculate the remainder when z is divided by 13.
10
Let x = -3261 + 3317. Calculate the remainder when 837 is divided by x.
53
Suppose -42*h + 39*h + 138 = 0. Suppose -9*s = -2*a - 5*s + h, -4*a + 128 = 4*s. What is the remainder when a is divided by 3?
2
Suppose 13*a - 17*a = -5*l + 116, 3*l + 12*a = 12. Calculate the remainder when (284/(-6))/((-6)/9) is divided by l.
11
Let c = 22916 - 22749. What is the remainder when 2181 is divided by c?
10
Let x(o) = 3*o**3 - 39*o**2 - 81*o + 43. Let n(r) = r**3 - 13*r**2 - 28*r + 14. Let j(b) = -7*n(b) + 2*x(b). What is the remainder when j(15) is divided by 10?
8
Let g be -1*(3 + -1 + -1 - 1). Suppose 4*x - 20 = g, 0 = -8*h + 12*h + 2*x - 374. What is the remainder when h is divided by -69*(3 - 44/12)?
45
Suppose 912 = c + 166. What is the remainder when c is divided by 34?
32
Suppose m = 2*g - 958, -5*m = -7*g + 11*g - 1888. Calculate the remainder when g is divided by 34.
1
Calculate the remainder when (-3018906)/(-2702) + (-4)/14 is divided by 59.
55
Suppose t = -4*t + 25. Suppose 2*n - 58 = t*v + 681, v = 3*n - 1076. Let r = n - 250. What is the remainder when r is divided by 18?
17
Suppose -r + 2741 = g, r + 3*g - 80 = 2657. What is the remainder when r is divided by 49?
48
Let o(l) = l**3 - 7*l + 9. Let q be o(2). Let i(n) = 2*n**3 - 3*n**2 - n - 7. Calculate the remainder when i(q) is divided by 5.
2
Suppose 3*t - g - 20 = -0*g, -3*t = 4*g + 5. Suppose -t*r - 148 = -4*m, 54 = 3*m + 5*r - 22. What is the remainder when (-2)/6 - (-4)/6*m is divided by 7?
0
Let l(o) = o**3 + 5*o**2 - 7*o. Let q = -74 - -77. Let i be (q + -1)*(-25)/10. Calculate the remainder when 68 is divided by l(i).
33
Let r = -107 - -107. Suppose -5*z + z + c + 151 = r, 0 = -2*z + 3*c + 83. Calculate the remainder when z is divided by 13.
11
Suppose 5*w + 351 = -2*i, -4*w - 300 = 3*i - 15. Let y = w + 144. What is the remainder when 135 is divided by y?
60
Let z be -3 + ((-36)/(-42))/((-6)/(-28)). Calculate the remainder when z + -5 + 51 + -3 is divided by 12.
8
Let u = 858 + -738. What is the remainder when u is divided by 114?
6
Let f(z) = 32*z + 31. Let i be f(-11). Let n be -4 - (3 + i/3). Suppose 0 = r + 9*r - n. Calculate the remainder when 25 is divided by r.
5
Suppose -5*n + 117 = -2*n + 2*m, 117 = 3*n - 5*m. Suppose n + 137 = 4*x. What is the remainder when x is divided by 12?
8
Suppose -5*i + 10 = 0, 3*i - 415 = -4*o + 55. Let q(a) = a**2 - 57*a + 10 - 69*a + o*a. Calculate the remainder when q(10) is divided by 8.
2
What is the remainder when ((-164)/1804 + (-212)/(-33))/((-1)/(-195)) is divided by 308?
3
Let w(m) = 3*m**2 - 9*m - 9. Let i(z) = -z**2 + 186*z + 12103. Calculate the remainder when w(7) is divided by i(-51).
11
Suppose -2*k + 26 = -0*k. Let h be 2/14 - (-486)/126. Calculate the remainder when -57*((-32)/6)/h is divided by k.
11
Suppose -4086 = -2*b + 2*f, 76*b - 78*b + 4080 = f. Calculate the remainder when b is divided by 31.
26
Let w = 236 + -136. Let n(p) = 4*p**2 + 59*p + 179. Calculate the remainder when w is divided by n(-3).
24
Let x = -29419 - -29572. Let g be 4/2 + -2 + 9. Let j(u) = 7*u - 11. What is the remainder when x is divided by j(g)?
49
Suppose 20*w = 21*w - 124. Let b = 213 + -182. Let x = b + 12. What is the remainder when w is divided by x?
38
Let o(l) = 3*l - 48. Let g be o(17). Suppose -29 = g*i - 113. Suppose 5*r = 51